CRAN Package Check Results for Package hackeRnews

Last updated on 2022-01-26 05:54:17 CET.

Flavor Version Tinstall Tcheck Ttotal Status Flags
r-devel-linux-x86_64-debian-clang 0.1.0 1.69 46.86 48.55 NOTE
r-devel-linux-x86_64-debian-gcc 0.1.0 2.15 34.74 36.89 NOTE
r-devel-linux-x86_64-fedora-clang 0.1.0 66.24 NOTE
r-devel-linux-x86_64-fedora-gcc 0.1.0 57.13 NOTE
r-devel-windows-x86_64-new-UL 0.1.0 110.00 88.00 198.00 NOTE
r-devel-windows-x86_64-new-TK 0.1.0 NOTE
r-patched-linux-x86_64 0.1.0 2.37 39.73 42.10 NOTE
r-release-linux-x86_64 0.1.0 2.31 44.24 46.55 NOTE
r-release-macos-arm64 0.1.0 NOTE
r-release-macos-x86_64 0.1.0 NOTE
r-release-windows-ix86+x86_64 0.1.0 6.00 68.00 74.00 NOTE
r-oldrel-macos-x86_64 0.1.0 OK
r-oldrel-windows-ix86+x86_64 0.1.0 6.00 64.00 70.00 OK

Check Details

Version: 0.1.0
Check: LazyData
Result: NOTE
     'LazyData' is specified without a 'data' directory
Flavors: r-devel-linux-x86_64-debian-clang, r-devel-linux-x86_64-debian-gcc, r-devel-linux-x86_64-fedora-clang, r-devel-linux-x86_64-fedora-gcc, r-devel-windows-x86_64-new-UL, r-devel-windows-x86_64-new-TK, r-patched-linux-x86_64, r-release-linux-x86_64, r-release-macos-arm64, r-release-macos-x86_64, r-release-windows-ix86+x86_64