CRAN Package Check Results for Package grr

Last updated on 2021-10-19 05:51:02 CEST.

Flavor Version Tinstall Tcheck Ttotal Status Flags
r-devel-linux-x86_64-debian-clang 0.9.5 4.43 34.87 39.30 OK
r-devel-linux-x86_64-debian-gcc 0.9.5 3.37 28.55 31.92 OK
r-devel-linux-x86_64-fedora-clang 0.9.5 59.05 NOTE
r-devel-linux-x86_64-fedora-gcc 0.9.5 47.27 NOTE
r-devel-windows-x86_64 0.9.5 7.00 61.00 68.00 OK
r-devel-windows-x86_64-gcc10-UCRT 0.9.5 OK
r-patched-linux-x86_64 0.9.5 4.14 33.45 37.59 OK
r-patched-solaris-x86 0.9.5 80.40 OK
r-release-linux-x86_64 0.9.5 3.93 34.65 38.58 OK
r-release-macos-arm64 0.9.5 OK
r-release-macos-x86_64 0.9.5 OK
r-release-windows-ix86+x86_64 0.9.5 12.00 67.00 79.00 OK
r-oldrel-macos-x86_64 0.9.5 OK
r-oldrel-windows-ix86+x86_64 0.9.5 10.00 68.00 78.00 OK

Check Details

Version: 0.9.5
Check: compiled code
Result: NOTE
    File ‘grr/libs/grr.so’:
     Found no calls to: ‘R_registerRoutines’, ‘R_useDynamicSymbols’
    
    It is good practice to register native routines and to disable symbol
    search.
    
    See ‘Writing portable packages’ in the ‘Writing R Extensions’ manual.
Flavors: r-devel-linux-x86_64-fedora-clang, r-devel-linux-x86_64-fedora-gcc