CRAN Package Check Results for Package greed

Last updated on 2021-08-04 05:52:35 CEST.

Flavor Version Tinstall Tcheck Ttotal Status Flags
r-devel-linux-x86_64-debian-clang 0.5.1 363.08 556.75 919.83 OK
r-devel-linux-x86_64-debian-gcc 0.5.1 235.00 696.10 931.10 OK
r-devel-linux-x86_64-fedora-clang 0.5.1 1303.52 NOTE
r-devel-linux-x86_64-fedora-gcc 0.5.1 1247.26 NOTE
r-devel-windows-x86_64 0.5.1 426.00 520.00 946.00 OK
r-devel-windows-x86_64-gcc10-UCRT 0.5.1 NOTE
r-patched-linux-x86_64 0.5.1 325.02 573.61 898.63 OK
r-patched-solaris-x86 0.5.1 1223.50 NOTE
r-release-linux-x86_64 0.5.1 284.16 584.27 868.43 OK
r-release-macos-arm64 0.5.1 WARN
r-release-macos-x86_64 0.5.1 NOTE
r-release-windows-ix86+x86_64 0.5.1 887.00 758.00 1645.00 NOTE
r-oldrel-macos-x86_64 0.5.1 NOTE
r-oldrel-windows-ix86+x86_64 0.5.1 861.00 788.00 1649.00 NOTE

Check Details

Version: 0.5.1
Check: installed package size
Result: NOTE
     installed size is 23.6Mb
     sub-directories of 1Mb or more:
     libs 21.3Mb
Flavors: r-devel-linux-x86_64-fedora-clang, r-release-macos-arm64, r-release-macos-x86_64, r-release-windows-ix86+x86_64, r-oldrel-macos-x86_64, r-oldrel-windows-ix86+x86_64

Version: 0.5.1
Check: data for non-ASCII characters
Result: NOTE
     Note: found 6693 marked UTF-8 strings
Flavors: r-devel-linux-x86_64-fedora-clang, r-devel-linux-x86_64-fedora-gcc, r-devel-windows-x86_64-gcc10-UCRT, r-patched-solaris-x86, r-release-macos-arm64, r-release-macos-x86_64, r-oldrel-macos-x86_64

Version: 0.5.1
Check: re-building of vignette outputs
Result: WARN
    Error(s) in re-building vignettes:
     ...
    --- re-building ‘GMM.Rmd’ using rmarkdown
    Warning in engine$weave(file, quiet = quiet, encoding = enc) :
     Pandoc (>= 1.12.3) not available. Falling back to R Markdown v1.
    Quitting from lines 55-56 (GMM.Rmd)
    Error: processing vignette 'GMM.Rmd' failed with diagnostics:
    polygon edge not found
    --- failed re-building ‘GMM.Rmd’
    
    --- re-building ‘graph-clustering-with-sbm.Rmd’ using rmarkdown
    Warning in engine$weave(file, quiet = quiet, encoding = enc) :
     Pandoc (>= 1.12.3) not available. Falling back to R Markdown v1.
    Quitting from lines 49-50 (graph-clustering-with-sbm.Rmd)
    Error: processing vignette 'graph-clustering-with-sbm.Rmd' failed with diagnostics:
    polygon edge not found
    --- failed re-building ‘graph-clustering-with-sbm.Rmd’
    
    SUMMARY: processing the following files failed:
     ‘GMM.Rmd’ ‘graph-clustering-with-sbm.Rmd’
    
    Error: Vignette re-building failed.
    Execution halted
Flavor: r-release-macos-arm64