CRAN Package Check Results for Package grainscape

Last updated on 2021-08-04 05:52:34 CEST.

Flavor Version Tinstall Tcheck Ttotal Status Flags
r-devel-linux-x86_64-debian-clang 0.4.3 41.20 323.78 364.98 OK
r-devel-linux-x86_64-debian-gcc 0.4.3 27.19 238.21 265.40 OK
r-devel-linux-x86_64-fedora-clang 0.4.3 470.28 OK
r-devel-linux-x86_64-fedora-gcc 0.4.3 432.02 OK
r-devel-windows-x86_64 0.4.3 41.00 386.00 427.00 OK
r-devel-windows-x86_64-gcc10-UCRT 0.4.3 OK
r-patched-linux-x86_64 0.4.3 37.05 306.15 343.20 OK
r-patched-solaris-x86 0.4.3 540.20 OK
r-release-linux-x86_64 0.4.3 33.52 306.99 340.51 OK
r-release-macos-arm64 0.4.3 WARN
r-release-macos-x86_64 0.4.3 OK
r-release-windows-ix86+x86_64 0.4.3 95.00 527.00 622.00 OK
r-oldrel-macos-x86_64 0.4.3 OK
r-oldrel-windows-ix86+x86_64 0.4.3 67.00 552.00 619.00 OK

Check Details

Version: 0.4.3
Check: re-building of vignette outputs
Result: WARN
    Error(s) in re-building vignettes:
     ...
    --- re-building ‘MPG_algorithm.Rmd’ using rmarkdown
    Warning in engine$weave(file, quiet = quiet, encoding = enc) :
     Pandoc (>= 1.12.3) not available. Falling back to R Markdown v1.
    --- finished re-building ‘MPG_algorithm.Rmd’
    
    --- re-building ‘grainscape_vignette.Rmd’ using rmarkdown
    Warning in engine$weave(file, quiet = quiet, encoding = enc) :
     Pandoc (>= 1.12.3) not available. Falling back to R Markdown v1.
    Quitting from lines 172-184 (grainscape_vignette.Rmd)
    Error: processing vignette 'grainscape_vignette.Rmd' failed with diagnostics:
    polygon edge not found
    --- failed re-building ‘grainscape_vignette.Rmd’
    
    SUMMARY: processing the following file failed:
     ‘grainscape_vignette.Rmd’
    
    Error: Vignette re-building failed.
    Execution halted
Flavor: r-release-macos-arm64