CRAN Package Check Results for Package glassoFast

Last updated on 2021-09-20 05:49:54 CEST.

Flavor Version Tinstall Tcheck Ttotal Status Flags
r-devel-linux-x86_64-debian-clang 1.0 2.55 21.47 24.02 OK
r-devel-linux-x86_64-debian-gcc 1.0 1.85 17.25 19.10 OK
r-devel-linux-x86_64-fedora-clang 1.0 37.02 OK
r-devel-linux-x86_64-fedora-gcc 1.0 26.55 OK
r-devel-windows-x86_64 1.0 5.00 29.00 34.00 OK
r-devel-windows-x86_64-gcc10-UCRT 1.0 ERROR
r-patched-linux-x86_64 1.0 2.50 20.87 23.37 OK
r-patched-solaris-x86 1.0 46.00 OK
r-release-linux-x86_64 1.0 2.50 21.41 23.91 OK
r-release-macos-arm64 1.0 OK
r-release-macos-x86_64 1.0 OK
r-release-windows-ix86+x86_64 1.0 8.00 33.00 41.00 OK
r-oldrel-macos-x86_64 1.0 OK
r-oldrel-windows-ix86+x86_64 1.0 8.00 33.00 41.00 OK

Check Details

Version: 1.0
Check: whether package can be installed
Result: ERROR
    Installation failed.
Flavor: r-devel-windows-x86_64-gcc10-UCRT