CRAN Package Check Results for Package ggwordcloud

Last updated on 2021-05-08 05:57:07 CEST.

Flavor Version Tinstall Tcheck Ttotal Status Flags
r-devel-linux-x86_64-debian-clang 0.5.0 23.49 177.07 200.56 OK
r-devel-linux-x86_64-debian-gcc 0.5.0 14.80 133.66 148.46 OK
r-devel-linux-x86_64-fedora-clang 0.5.0 282.53 NOTE
r-devel-linux-x86_64-fedora-gcc 0.5.0 270.96 NOTE
r-devel-windows-ix86+x86_64 0.5.0 59.00 256.00 315.00 OK
r-devel-windows-x86_64-gcc10-UCRT 0.5.0 NOTE
r-patched-linux-x86_64 0.5.0 19.53 168.56 188.09 OK
r-patched-solaris-x86 0.5.0 269.20 NOTE
r-release-linux-x86_64 0.5.0 19.40 165.40 184.80 OK
r-release-macos-x86_64 0.5.0 NOTE
r-release-windows-ix86+x86_64 0.5.0 45.00 183.00 228.00 OK
r-oldrel-macos-x86_64 0.5.0 NOTE
r-oldrel-windows-ix86+x86_64 0.5.0 52.00 247.00 299.00 OK

Check Details

Version: 0.5.0
Check: data for non-ASCII characters
Result: NOTE
     Note: found 203 marked UTF-8 strings
Flavors: r-devel-linux-x86_64-fedora-clang, r-devel-linux-x86_64-fedora-gcc, r-devel-windows-x86_64-gcc10-UCRT, r-patched-solaris-x86, r-release-macos-x86_64, r-oldrel-macos-x86_64