CRAN Package Check Results for Package ggside

Last updated on 2021-08-04 05:52:34 CEST.

Flavor Version Tinstall Tcheck Ttotal Status Flags
r-devel-linux-x86_64-debian-clang 0.1.2 16.41 167.11 183.52 OK
r-devel-linux-x86_64-debian-gcc 0.1.2 13.78 120.26 134.04 OK
r-devel-linux-x86_64-fedora-clang 0.1.2 223.24 OK
r-devel-linux-x86_64-fedora-gcc 0.1.2 211.91 OK
r-devel-windows-x86_64 0.1.2 17.00 194.00 211.00 OK
r-devel-windows-x86_64-gcc10-UCRT 0.1.2 OK
r-patched-linux-x86_64 0.1.2 19.53 158.14 177.67 OK
r-patched-solaris-x86 0.1.2 261.80 OK
r-release-linux-x86_64 0.1.2 15.46 155.53 170.99 OK
r-release-macos-arm64 0.1.2 WARN
r-release-macos-x86_64 0.1.2 OK
r-release-windows-ix86+x86_64 0.1.2 31.00 193.00 224.00 OK
r-oldrel-macos-x86_64 0.1.2 OK
r-oldrel-windows-ix86+x86_64 0.1.2 23.00 140.00 163.00 OK

Check Details

Version: 0.1.2
Check: re-building of vignette outputs
Result: WARN
    Error(s) in re-building vignettes:
     ...
    --- re-building ‘ggside_aes_mapping.Rmd’ using rmarkdown
    Warning in engine$weave(file, quiet = quiet, encoding = enc) :
     Pandoc (>= 1.12.3) not available. Falling back to R Markdown v1.
    Quitting from lines 31-35 (ggside_aes_mapping.Rmd)
    Error: processing vignette 'ggside_aes_mapping.Rmd' failed with diagnostics:
    polygon edge not found
    --- failed re-building ‘ggside_aes_mapping.Rmd’
    
    --- re-building ‘ggside_basic_usage.Rmd’ using rmarkdown
    Warning in engine$weave(file, quiet = quiet, encoding = enc) :
     Pandoc (>= 1.12.3) not available. Falling back to R Markdown v1.
    Quitting from lines 36-44 (ggside_basic_usage.Rmd)
    Error: processing vignette 'ggside_basic_usage.Rmd' failed with diagnostics:
    polygon edge not found
    --- failed re-building ‘ggside_basic_usage.Rmd’
    
    SUMMARY: processing the following files failed:
     ‘ggside_aes_mapping.Rmd’ ‘ggside_basic_usage.Rmd’
    
    Error: Vignette re-building failed.
    Execution halted
Flavor: r-release-macos-arm64