CRAN Package Check Results for Package ggplot2movies

Last updated on 2021-09-20 05:49:54 CEST.

Flavor Version Tinstall Tcheck Ttotal Status Flags
r-devel-linux-x86_64-debian-clang 0.0.1 3.12 21.14 24.26 OK
r-devel-linux-x86_64-debian-gcc 0.0.1 2.76 17.51 20.27 OK
r-devel-linux-x86_64-fedora-clang 0.0.1 39.02 OK
r-devel-linux-x86_64-fedora-gcc 0.0.1 28.87 OK
r-devel-windows-x86_64 0.0.1 4.00 25.00 29.00 OK
r-devel-windows-x86_64-gcc10-UCRT 0.0.1 ERROR
r-patched-linux-x86_64 0.0.1 2.94 21.36 24.30 OK
r-patched-solaris-x86 0.0.1 46.40 OK
r-release-linux-x86_64 0.0.1 2.93 21.22 24.15 OK
r-release-macos-arm64 0.0.1 OK
r-release-macos-x86_64 0.0.1 OK
r-release-windows-ix86+x86_64 0.0.1 7.00 27.00 34.00 OK
r-oldrel-macos-x86_64 0.0.1 OK
r-oldrel-windows-ix86+x86_64 0.0.1 6.00 27.00 33.00 OK

Check Details

Version: 0.0.1
Check: whether package can be installed
Result: WARN
    Found the following significant warnings:
     WARNING: installation-time patches will not be applied, could not get the patches index
Flavor: r-devel-windows-x86_64-gcc10-UCRT

Version: 0.0.1
Check: PDF version of manual
Result: WARN
    LaTeX errors when creating PDF version.
    This typically indicates Rd problems.
Flavor: r-devel-windows-x86_64-gcc10-UCRT

Version: 0.0.1
Check: PDF version of manual without hyperrefs or index
Result: ERROR
    Re-running with no redirection of stdout/stderr.
Flavor: r-devel-windows-x86_64-gcc10-UCRT