CRAN Package Check Results for Package geodist

Last updated on 2021-11-28 05:49:34 CET.

Flavor Version Tinstall Tcheck Ttotal Status Flags
r-devel-linux-x86_64-debian-clang 0.0.7 NOTE
r-devel-linux-x86_64-debian-gcc 0.0.7 4.75 20.59 25.34 NOTE
r-devel-linux-x86_64-fedora-clang 0.0.7 51.21 NOTE
r-devel-linux-x86_64-fedora-gcc 0.0.7 40.64 NOTE
r-devel-windows-x86_64-new-UL 0.0.7 23.00 69.00 92.00 NOTE
r-devel-windows-x86_64-new-TK 0.0.7 NOTE
r-devel-windows-x86_64-old 0.0.7 12.00 48.00 60.00 NOTE
r-patched-linux-x86_64 0.0.7 5.44 24.66 30.10 NOTE
r-patched-solaris-x86 0.0.7 57.60 NOTE
r-release-linux-x86_64 0.0.7 5.59 25.21 30.80 NOTE
r-release-macos-arm64 0.0.7 NOTE
r-release-macos-x86_64 0.0.7 NOTE
r-release-windows-ix86+x86_64 0.0.7 24.00 39.00 63.00 NOTE
r-oldrel-macos-x86_64 0.0.7 OK
r-oldrel-windows-ix86+x86_64 0.0.7 19.00 53.00 72.00 OK

Check Details

Version: 0.0.7
Check: LazyData
Result: NOTE
     'LazyData' is specified without a 'data' directory
Flavors: r-devel-linux-x86_64-debian-clang, r-devel-linux-x86_64-debian-gcc, r-devel-linux-x86_64-fedora-clang, r-devel-linux-x86_64-fedora-gcc, r-devel-windows-x86_64-new-UL, r-devel-windows-x86_64-new-TK, r-devel-windows-x86_64-old, r-patched-linux-x86_64, r-patched-solaris-x86, r-release-linux-x86_64, r-release-macos-arm64, r-release-macos-x86_64, r-release-windows-ix86+x86_64