CRAN Package Check Results for Package gemtc

Last updated on 2021-08-04 05:52:33 CEST.

Flavor Version Tinstall Tcheck Ttotal Status Flags
r-devel-linux-x86_64-debian-clang 1.0-1 8.69 116.59 125.28 OK
r-devel-linux-x86_64-debian-gcc 1.0-1 7.89 85.55 93.44 OK
r-devel-linux-x86_64-fedora-clang 1.0-1 154.80 OK
r-devel-linux-x86_64-fedora-gcc 1.0-1 147.95 OK
r-devel-windows-x86_64 1.0-1 15.00 137.00 152.00 OK
r-devel-windows-x86_64-gcc10-UCRT 1.0-1 OK
r-patched-linux-x86_64 1.0-1 9.24 109.41 118.65 OK
r-patched-solaris-x86 1.0-1 189.60 OK
r-release-linux-x86_64 1.0-1 8.93 110.49 119.42 OK
r-release-macos-arm64 1.0-1 ERROR
r-release-macos-x86_64 1.0-1 OK
r-release-windows-ix86+x86_64 1.0-1 19.00 151.00 170.00 OK
r-oldrel-macos-x86_64 1.0-1 OK
r-oldrel-windows-ix86+x86_64 1.0-1 16.00 213.00 229.00 OK

Check Details

Version: 1.0-1
Check: package dependencies
Result: ERROR
    Package required but not available: ‘rjags’
    
    See section ‘The DESCRIPTION file’ in the ‘Writing R Extensions’
    manual.
Flavor: r-release-macos-arm64