CRAN Package Check Results for Package geeM

Last updated on 2021-09-20 05:49:53 CEST.

Flavor Version Tinstall Tcheck Ttotal Status Flags
r-devel-linux-x86_64-debian-clang 0.10.1 9.28 79.02 88.30 OK
r-devel-linux-x86_64-debian-gcc 0.10.1 6.90 60.29 67.19 OK
r-devel-linux-x86_64-fedora-clang 0.10.1 111.54 OK
r-devel-linux-x86_64-fedora-gcc 0.10.1 100.05 OK
r-devel-windows-x86_64 0.10.1 9.00 69.00 78.00 OK
r-devel-windows-x86_64-gcc10-UCRT 0.10.1 ERROR
r-patched-linux-x86_64 0.10.1 8.42 75.37 83.79 OK
r-patched-solaris-x86 0.10.1 149.30 OK
r-release-linux-x86_64 0.10.1 8.19 75.03 83.22 OK
r-release-macos-arm64 0.10.1 OK
r-release-macos-x86_64 0.10.1 OK
r-release-windows-ix86+x86_64 0.10.1 17.00 72.00 89.00 OK
r-oldrel-macos-x86_64 0.10.1 OK
r-oldrel-windows-ix86+x86_64 0.10.1 16.00 68.00 84.00 OK

Check Details

Version: 0.10.1
Check: whether package can be installed
Result: WARN
    Found the following significant warnings:
     WARNING: installation-time patches will not be applied, could not get the patches index
Flavor: r-devel-windows-x86_64-gcc10-UCRT

Version: 0.10.1
Check: PDF version of manual
Result: WARN
    LaTeX errors when creating PDF version.
    This typically indicates Rd problems.
Flavor: r-devel-windows-x86_64-gcc10-UCRT

Version: 0.10.1
Check: PDF version of manual without hyperrefs or index
Result: ERROR
    Re-running with no redirection of stdout/stderr.
Flavor: r-devel-windows-x86_64-gcc10-UCRT