CRAN Package Check Results for Package gRbase

Last updated on 2021-07-30 05:52:13 CEST.

Flavor Version Tinstall Tcheck Ttotal Status Flags
r-devel-linux-x86_64-debian-clang 1.8-6.7 OK
r-devel-linux-x86_64-debian-gcc 1.8-6.7 200.30 125.53 325.83 OK
r-devel-linux-x86_64-fedora-clang 1.8-6.7 638.97 NOTE
r-devel-linux-x86_64-fedora-gcc 1.8-6.7 572.05 OK
r-devel-windows-x86_64 1.8-6.7 256.00 212.00 468.00 OK
r-devel-windows-x86_64-gcc10-UCRT 1.8-6.7 OK
r-patched-linux-x86_64 1.8-6.7 OK
r-patched-solaris-x86 1.8-6.7 584.60 OK
r-release-linux-x86_64 1.8-6.7 240.93 158.75 399.68 OK
r-release-macos-arm64 1.8-6.7 ERROR
r-release-macos-x86_64 1.8-6.7 NOTE
r-release-windows-ix86+x86_64 1.8-6.7 680.00 276.00 956.00 NOTE
r-oldrel-macos-x86_64 1.8-6.7 NOTE
r-oldrel-windows-ix86+x86_64 1.8-6.7 497.00 277.00 774.00 NOTE

Check Details

Version: 1.8-6.7
Check: installed package size
Result: NOTE
     installed size is 14.0Mb
     sub-directories of 1Mb or more:
     libs 12.0Mb
Flavors: r-devel-linux-x86_64-fedora-clang, r-release-macos-x86_64, r-release-windows-ix86+x86_64, r-oldrel-macos-x86_64, r-oldrel-windows-ix86+x86_64

Version: 1.8-6.7
Check: package dependencies
Result: ERROR
    Package required but not available: ‘RBGL’
    
    See section ‘The DESCRIPTION file’ in the ‘Writing R Extensions’
    manual.
Flavor: r-release-macos-arm64