CRAN Package Check Results for Package gRain

Last updated on 2021-07-31 05:51:47 CEST.

Flavor Version Tinstall Tcheck Ttotal Status Flags
r-devel-linux-x86_64-debian-clang 1.3-6 59.26 118.69 177.95 OK
r-devel-linux-x86_64-debian-gcc 1.3-6 37.84 91.92 129.76 OK
r-devel-linux-x86_64-fedora-clang 1.3-6 231.74 OK
r-devel-linux-x86_64-fedora-gcc 1.3-6 216.18 OK
r-devel-windows-x86_64 1.3-6 53.00 152.00 205.00 OK
r-devel-windows-x86_64-gcc10-UCRT 1.3-6 OK
r-patched-linux-x86_64 1.3-6 OK
r-patched-solaris-x86 1.3-6 272.60 OK
r-release-linux-x86_64 1.3-6 49.82 115.73 165.55 OK
r-release-macos-arm64 1.3-6 ERROR
r-release-macos-x86_64 1.3-6 OK
r-release-windows-ix86+x86_64 1.3-6 139.00 202.00 341.00 OK
r-oldrel-macos-x86_64 1.3-6 OK
r-oldrel-windows-ix86+x86_64 1.3-6 100.00 201.00 301.00 OK

Check Details

Version: 1.3-6
Check: package dependencies
Result: ERROR
    Package required but not available: ‘gRbase’
    
    See section ‘The DESCRIPTION file’ in the ‘Writing R Extensions’
    manual.
Flavor: r-release-macos-arm64