CRAN Package Check Results for Package future.batchtools

Last updated on 2021-10-16 05:51:22 CEST.

Flavor Version Tinstall Tcheck Ttotal Status Flags
r-devel-linux-x86_64-debian-clang 0.10.0 5.13 275.93 281.06 OK
r-devel-linux-x86_64-debian-gcc 0.10.0 3.70 204.28 207.98 OK
r-devel-linux-x86_64-fedora-clang 0.10.0 331.44 NOTE
r-devel-linux-x86_64-fedora-gcc 0.10.0 345.52 OK
r-devel-windows-x86_64 0.10.0 7.00 262.00 269.00 OK
r-devel-windows-x86_64-gcc10-UCRT 0.10.0 OK
r-patched-linux-x86_64 0.10.0 7.92 252.83 260.75 OK
r-patched-solaris-x86 0.10.0 491.40 OK
r-release-linux-x86_64 0.10.0 4.53 251.82 256.35 OK
r-release-macos-arm64 0.10.0 OK
r-release-macos-x86_64 0.10.0 OK
r-release-windows-ix86+x86_64 0.10.0 12.00 362.00 374.00 OK
r-oldrel-macos-x86_64 0.10.0 OK
r-oldrel-windows-ix86+x86_64 0.10.0 11.00 391.00 402.00 OK

Check Details

Version: 0.10.0
Check: Rd cross-references
Result: NOTE
    Undeclared package ‘globals’ in Rd xrefs
Flavor: r-devel-linux-x86_64-fedora-clang