CRAN Package Check Results for Package fmsb

Last updated on 2021-09-26 05:51:07 CEST.

Flavor Version Tinstall Tcheck Ttotal Status Flags
r-devel-linux-x86_64-debian-clang 0.7.1 4.34 40.26 44.60 OK
r-devel-linux-x86_64-debian-gcc 0.7.1 4.26 31.15 35.41 OK
r-devel-linux-x86_64-fedora-clang 0.7.1 62.54 NOTE
r-devel-linux-x86_64-fedora-gcc 0.7.1 51.93 OK
r-devel-windows-x86_64 0.7.1 6.00 37.00 43.00 OK
r-devel-windows-x86_64-gcc10-UCRT 0.7.1 OK
r-patched-linux-x86_64 0.7.1 5.54 38.53 44.07 OK
r-patched-solaris-x86 0.7.1 66.60 OK
r-release-linux-x86_64 0.7.1 4.14 38.21 42.35 OK
r-release-macos-arm64 0.7.1 OK
r-release-macos-x86_64 0.7.1 OK
r-release-windows-ix86+x86_64 0.7.1 9.00 38.00 47.00 OK
r-oldrel-macos-x86_64 0.7.1 OK
r-oldrel-windows-ix86+x86_64 0.7.1 8.00 38.00 46.00 OK

Check Details

Version: 0.7.1
Check: Rd cross-references
Result: NOTE
    Undeclared packages ‘vcd’, ‘Epi’ in Rd xrefs
Flavor: r-devel-linux-x86_64-fedora-clang