CRAN Package Check Results for Package fastclime

Last updated on 2021-07-31 05:51:44 CEST.

Flavor Version Tinstall Tcheck Ttotal Status Flags
r-devel-linux-x86_64-debian-clang 1.4.1 11.64 87.84 99.48 NOTE
r-devel-linux-x86_64-debian-gcc 1.4.1 9.13 69.27 78.40 NOTE
r-devel-linux-x86_64-fedora-clang 1.4.1 126.84 NOTE
r-devel-linux-x86_64-fedora-gcc 1.4.1 115.74 NOTE
r-devel-windows-x86_64 1.4.1 13.00 120.00 133.00 OK
r-devel-windows-x86_64-gcc10-UCRT 1.4.1 OK
r-patched-linux-x86_64 1.4.1 NOTE
r-patched-solaris-x86 1.4.1 201.30 NOTE
r-release-linux-x86_64 1.4.1 11.04 84.94 95.98 NOTE
r-release-macos-arm64 1.4.1 OK
r-release-macos-x86_64 1.4.1 OK
r-release-windows-ix86+x86_64 1.4.1 30.00 116.00 146.00 OK
r-oldrel-macos-x86_64 1.4.1 OK
r-oldrel-windows-ix86+x86_64 1.4.1 23.00 156.00 179.00 OK

Check Details

Version: 1.4.1
Check: for non-standard things in the check directory
Result: NOTE
    Found the following files/directories:
     'default5.eps'
Flavors: r-devel-linux-x86_64-debian-clang, r-devel-linux-x86_64-debian-gcc, r-devel-linux-x86_64-fedora-clang, r-devel-linux-x86_64-fedora-gcc, r-patched-linux-x86_64, r-patched-solaris-x86, r-release-linux-x86_64

Version: 1.4.1
Check: compiled code
Result: NOTE
    File ‘fastclime/libs/fastclime.so’:
     Found no calls to: ‘R_registerRoutines’, ‘R_useDynamicSymbols’
    
    It is good practice to register native routines and to disable symbol
    search.
    
    See ‘Writing portable packages’ in the ‘Writing R Extensions’ manual.
Flavors: r-devel-linux-x86_64-fedora-clang, r-devel-linux-x86_64-fedora-gcc