CRAN Package Check Results for Package fad

Last updated on 2021-10-18 05:54:18 CEST.

Flavor Version Tinstall Tcheck Ttotal Status Flags
r-devel-linux-x86_64-debian-clang 0.3-3 55.81 76.32 132.13 NOTE
r-devel-linux-x86_64-debian-gcc 0.3-3 45.32 60.38 105.70 NOTE
r-devel-linux-x86_64-fedora-clang 0.3-3 195.12 NOTE
r-devel-linux-x86_64-fedora-gcc 0.3-3 179.10 NOTE
r-devel-windows-x86_64 0.3-3 74.00 118.00 192.00 NOTE
r-devel-windows-x86_64-gcc10-UCRT 0.3-3 NOTE
r-patched-linux-x86_64 0.3-3 53.03 76.80 129.83 NOTE
r-patched-solaris-x86 0.3-3 200.90 NOTE
r-release-linux-x86_64 0.3-3 52.76 75.85 128.61 NOTE
r-release-macos-arm64 0.3-3 NOTE
r-release-macos-x86_64 0.3-3 NOTE
r-release-windows-ix86+x86_64 0.3-3 100.00 143.00 243.00 NOTE
r-oldrel-macos-x86_64 0.3-3 NOTE
r-oldrel-windows-ix86+x86_64 0.3-3 142.00 137.00 279.00 OK

Check Details

Version: 0.3-3
Check: LazyData
Result: NOTE
     'LazyData' is specified without a 'data' directory
Flavors: r-devel-linux-x86_64-debian-clang, r-devel-linux-x86_64-debian-gcc, r-devel-linux-x86_64-fedora-clang, r-devel-linux-x86_64-fedora-gcc, r-devel-windows-x86_64, r-devel-windows-x86_64-gcc10-UCRT, r-patched-linux-x86_64, r-patched-solaris-x86, r-release-linux-x86_64, r-release-macos-arm64, r-release-macos-x86_64, r-release-windows-ix86+x86_64

Version: 0.3-3
Check: installed package size
Result: NOTE
     installed size is 7.5Mb
     sub-directories of 1Mb or more:
     libs 7.2Mb
Flavors: r-devel-linux-x86_64-fedora-clang, r-release-macos-arm64, r-release-macos-x86_64, r-oldrel-macos-x86_64