CRAN Package Check Results for Package evoper

Last updated on 2021-09-26 05:51:06 CEST.

Flavor Version Tinstall Tcheck Ttotal Status Flags
r-devel-linux-x86_64-debian-clang 0.5.0 13.41 83.71 97.12 NOTE
r-devel-linux-x86_64-debian-gcc 0.5.0 10.47 63.60 74.07 NOTE
r-devel-linux-x86_64-fedora-clang 0.5.0 122.99 NOTE
r-devel-linux-x86_64-fedora-gcc 0.5.0 120.67 NOTE
r-devel-windows-x86_64 0.5.0 14.00 71.00 85.00 NOTE
r-devel-windows-x86_64-gcc10-UCRT 0.5.0 NOTE
r-patched-linux-x86_64 0.5.0 13.27 79.30 92.57 NOTE
r-patched-solaris-x86 0.5.0 155.20 NOTE
r-release-linux-x86_64 0.5.0 10.87 78.72 89.59 NOTE
r-release-macos-arm64 0.5.0 NOTE
r-release-macos-x86_64 0.5.0 NOTE
r-release-windows-ix86+x86_64 0.5.0 26.00 70.00 96.00 NOTE
r-oldrel-macos-x86_64 0.5.0 OK
r-oldrel-windows-ix86+x86_64 0.5.0 17.00 65.00 82.00 OK

Check Details

Version: 0.5.0
Check: LazyData
Result: NOTE
     'LazyData' is specified without a 'data' directory
Flavors: r-devel-linux-x86_64-debian-clang, r-devel-linux-x86_64-debian-gcc, r-devel-linux-x86_64-fedora-clang, r-devel-linux-x86_64-fedora-gcc, r-devel-windows-x86_64, r-devel-windows-x86_64-gcc10-UCRT, r-patched-linux-x86_64, r-patched-solaris-x86, r-release-linux-x86_64, r-release-macos-arm64, r-release-macos-x86_64, r-release-windows-ix86+x86_64