CRAN Package Check Results for Package eventdataR

Last updated on 2021-09-21 05:51:04 CEST.

Flavor Version Tinstall Tcheck Ttotal Status Flags
r-devel-linux-x86_64-debian-clang 0.2.0 13.66 36.67 50.33 OK
r-devel-linux-x86_64-debian-gcc 0.2.0 14.21 29.52 43.73 OK
r-devel-linux-x86_64-fedora-clang 0.2.0 75.70 OK
r-devel-linux-x86_64-fedora-gcc 0.2.0 66.59 OK
r-devel-windows-x86_64 0.2.0 17.00 42.00 59.00 OK
r-devel-windows-x86_64-gcc10-UCRT 0.2.0 ERROR
r-patched-linux-x86_64 0.2.0 13.89 34.31 48.20 OK
r-patched-solaris-x86 0.2.0 122.10 OK
r-release-linux-x86_64 0.2.0 14.43 35.32 49.75 OK
r-release-macos-arm64 0.2.0 OK
r-release-macos-x86_64 0.2.0 OK
r-release-windows-ix86+x86_64 0.2.0 24.00 40.00 64.00 OK
r-oldrel-macos-x86_64 0.2.0 OK
r-oldrel-windows-ix86+x86_64 0.2.0 24.00 59.00 83.00 OK

Check Details

Version: 0.2.0
Check: whether package can be installed
Result: WARN
    Found the following significant warnings:
     WARNING: installation-time patches will not be applied, could not get the patches index
Flavor: r-devel-windows-x86_64-gcc10-UCRT

Version: 0.2.0
Check: PDF version of manual
Result: WARN
    LaTeX errors when creating PDF version.
    This typically indicates Rd problems.
Flavor: r-devel-windows-x86_64-gcc10-UCRT

Version: 0.2.0
Check: PDF version of manual without hyperrefs or index
Result: ERROR
    Re-running with no redirection of stdout/stderr.
Flavor: r-devel-windows-x86_64-gcc10-UCRT