CRAN Package Check Results for Package emba

Last updated on 2021-07-31 05:51:43 CEST.

Flavor Version Tinstall Tcheck Ttotal Status Flags
r-devel-linux-x86_64-debian-clang 0.1.8 8.76 89.05 97.81 NOTE
r-devel-linux-x86_64-debian-gcc 0.1.8 6.97 66.57 73.54 NOTE
r-devel-linux-x86_64-fedora-clang 0.1.8 122.49 NOTE
r-devel-linux-x86_64-fedora-gcc 0.1.8 111.61 NOTE
r-devel-windows-x86_64 0.1.8 11.00 111.00 122.00 NOTE
r-devel-windows-x86_64-gcc10-UCRT 0.1.8 NOTE
r-patched-linux-x86_64 0.1.8 NOTE
r-patched-solaris-x86 0.1.8 154.40 NOTE
r-release-linux-x86_64 0.1.8 7.19 84.01 91.20 NOTE
r-release-macos-arm64 0.1.8 NOTE
r-release-macos-x86_64 0.1.8 NOTE
r-release-windows-ix86+x86_64 0.1.8 19.00 110.00 129.00 NOTE
r-oldrel-macos-x86_64 0.1.8 OK
r-oldrel-windows-ix86+x86_64 0.1.8 13.00 135.00 148.00 OK

Check Details

Version: 0.1.8
Check: LazyData
Result: NOTE
     'LazyData' is specified without a 'data' directory
Flavors: r-devel-linux-x86_64-debian-clang, r-devel-linux-x86_64-debian-gcc, r-devel-linux-x86_64-fedora-clang, r-devel-linux-x86_64-fedora-gcc, r-devel-windows-x86_64, r-devel-windows-x86_64-gcc10-UCRT, r-patched-linux-x86_64, r-patched-solaris-x86, r-release-linux-x86_64, r-release-macos-arm64, r-release-macos-x86_64, r-release-windows-ix86+x86_64