CRAN Package Check Results for Package eesim

Last updated on 2021-08-04 05:52:31 CEST.

Flavor Version Tinstall Tcheck Ttotal Status Flags
r-devel-linux-x86_64-debian-clang 0.1.0 5.23 269.59 274.82 NOTE
r-devel-linux-x86_64-debian-gcc 0.1.0 4.12 203.55 207.67 NOTE
r-devel-linux-x86_64-fedora-clang 0.1.0 328.89 NOTE
r-devel-linux-x86_64-fedora-gcc 0.1.0 319.29 NOTE
r-devel-windows-x86_64 0.1.0 7.00 260.00 267.00 NOTE
r-devel-windows-x86_64-gcc10-UCRT 0.1.0 NOTE
r-patched-linux-x86_64 0.1.0 4.93 257.03 261.96 NOTE
r-patched-solaris-x86 0.1.0 958.00 NOTE
r-release-linux-x86_64 0.1.0 4.18 259.44 263.62 NOTE
r-release-macos-arm64 0.1.0 WARN
r-release-macos-x86_64 0.1.0 NOTE
r-release-windows-ix86+x86_64 0.1.0 13.00 331.00 344.00 NOTE
r-oldrel-macos-x86_64 0.1.0 OK
r-oldrel-windows-ix86+x86_64 0.1.0 8.00 338.00 346.00 OK

Check Details

Version: 0.1.0
Check: LazyData
Result: NOTE
     'LazyData' is specified without a 'data' directory
Flavors: r-devel-linux-x86_64-debian-clang, r-devel-linux-x86_64-debian-gcc, r-devel-linux-x86_64-fedora-clang, r-devel-linux-x86_64-fedora-gcc, r-devel-windows-x86_64, r-devel-windows-x86_64-gcc10-UCRT, r-patched-linux-x86_64, r-patched-solaris-x86, r-release-linux-x86_64, r-release-macos-arm64, r-release-macos-x86_64, r-release-windows-ix86+x86_64

Version: 0.1.0
Check: re-building of vignette outputs
Result: WARN
    Error(s) in re-building vignettes:
    --- re-building ‘eesim.Rmd’ using rmarkdown
    Warning in engine$weave(file, quiet = quiet, encoding = enc) :
     Pandoc (>= 1.12.3) not available. Falling back to R Markdown v1.
    
    Attaching package: 'dplyr'
    
    The following objects are masked from 'package:stats':
    
     filter, lag
    
    The following objects are masked from 'package:base':
    
     intersect, setdiff, setequal, union
    
    
    Attaching package: 'gridExtra'
    
    The following object is masked from 'package:dplyr':
    
     combine
    
    This is dlnm 2.4.6. For details: help(dlnm) and vignette('dlnmOverview').
    `geom_smooth()` using formula 'y ~ x'
    Quitting from lines 35-50 (eesim.Rmd)
    Error: processing vignette 'eesim.Rmd' failed with diagnostics:
    polygon edge not found
    --- failed re-building ‘eesim.Rmd’
    
    SUMMARY: processing the following file failed:
     ‘eesim.Rmd’
    
    Error: Vignette re-building failed.
    Execution halted
Flavor: r-release-macos-arm64