CRAN Package Check Results for Package ebdbNet

Last updated on 2021-07-31 05:51:43 CEST.

Flavor Version Tinstall Tcheck Ttotal Status Flags
r-devel-linux-x86_64-debian-clang 1.2.5 7.13 32.93 40.06 OK
r-devel-linux-x86_64-debian-gcc 1.2.5 5.11 26.33 31.44 OK
r-devel-linux-x86_64-fedora-clang 1.2.5 62.23 NOTE
r-devel-linux-x86_64-fedora-gcc 1.2.5 46.45 NOTE
r-devel-windows-x86_64 1.2.5 7.00 51.00 58.00 OK
r-devel-windows-x86_64-gcc10-UCRT 1.2.5 OK
r-patched-linux-x86_64 1.2.5 OK
r-patched-solaris-x86 1.2.5 75.90 OK
r-release-linux-x86_64 1.2.5 5.49 32.93 38.42 OK
r-release-macos-arm64 1.2.5 OK
r-release-macos-x86_64 1.2.5 OK
r-release-windows-ix86+x86_64 1.2.5 15.00 47.00 62.00 OK
r-oldrel-macos-x86_64 1.2.5 OK
r-oldrel-windows-ix86+x86_64 1.2.5 12.00 62.00 74.00 OK

Check Details

Version: 1.2.5
Check: compiled code
Result: NOTE
    File ‘ebdbNet/libs/ebdbNet.so’:
     Found no calls to: ‘R_registerRoutines’, ‘R_useDynamicSymbols’
    
    It is good practice to register native routines and to disable symbol
    search.
    
    See ‘Writing portable packages’ in the ‘Writing R Extensions’ manual.
Flavors: r-devel-linux-x86_64-fedora-clang, r-devel-linux-x86_64-fedora-gcc