CRAN Package Check Results for Package easyNCDF

Last updated on 2021-05-16 05:47:49 CEST.

Flavor Version Tinstall Tcheck Ttotal Status Flags
r-devel-linux-x86_64-debian-clang 0.1.0 5.15 36.35 41.50 NOTE
r-devel-linux-x86_64-debian-gcc 0.1.0 4.11 28.50 32.61 NOTE
r-devel-linux-x86_64-fedora-clang 0.1.0 61.37 NOTE
r-devel-linux-x86_64-fedora-gcc 0.1.0 49.07 NOTE
r-devel-windows-ix86+x86_64 0.1.0 11.00 37.00 48.00 NOTE
r-devel-windows-x86_64-gcc10-UCRT 0.1.0 NOTE
r-patched-linux-x86_64 0.1.0 4.21 35.46 39.67 NOTE
r-patched-solaris-x86 0.1.0 73.90 NOTE
r-release-linux-x86_64 0.1.0 4.89 33.97 38.86 OK
r-release-macos-x86_64 0.1.0 OK
r-release-windows-ix86+x86_64 0.1.0 7.00 54.00 61.00 OK
r-oldrel-macos-x86_64 0.1.0 OK
r-oldrel-windows-ix86+x86_64 0.1.0 6.00 47.00 53.00 OK

Check Details

Version: 0.1.0
Check: LazyData
Result: NOTE
     'LazyData' is specified without a 'data' directory
Flavors: r-devel-linux-x86_64-debian-clang, r-devel-linux-x86_64-debian-gcc, r-devel-linux-x86_64-fedora-clang, r-devel-linux-x86_64-fedora-gcc, r-devel-windows-ix86+x86_64, r-devel-windows-x86_64-gcc10-UCRT, r-patched-linux-x86_64, r-patched-solaris-x86