CRAN Package Check Results for Package dynparam

Last updated on 2021-10-19 05:50:58 CEST.

Flavor Version Tinstall Tcheck Ttotal Status Flags
r-devel-linux-x86_64-debian-clang 1.0.2 9.76 96.89 106.65 NOTE
r-devel-linux-x86_64-debian-gcc 1.0.2 8.35 72.12 80.47 NOTE
r-devel-linux-x86_64-fedora-clang 1.0.2 137.85 NOTE
r-devel-linux-x86_64-fedora-gcc 1.0.2 122.94 NOTE
r-devel-windows-x86_64 1.0.2 17.00 120.00 137.00 NOTE
r-devel-windows-x86_64-gcc10-UCRT 1.0.2 NOTE
r-patched-linux-x86_64 1.0.2 10.23 90.63 100.86 NOTE
r-patched-solaris-x86 1.0.2 184.10 NOTE
r-release-linux-x86_64 1.0.2 7.15 90.58 97.73 NOTE
r-release-macos-arm64 1.0.2 NOTE
r-release-macos-x86_64 1.0.2 NOTE
r-release-windows-ix86+x86_64 1.0.2 17.00 123.00 140.00 NOTE
r-oldrel-macos-x86_64 1.0.2 OK
r-oldrel-windows-ix86+x86_64 1.0.2 23.00 123.00 146.00 OK

Check Details

Version: 1.0.2
Check: LazyData
Result: NOTE
     'LazyData' is specified without a 'data' directory
Flavors: r-devel-linux-x86_64-debian-clang, r-devel-linux-x86_64-debian-gcc, r-devel-linux-x86_64-fedora-clang, r-devel-linux-x86_64-fedora-gcc, r-devel-windows-x86_64, r-devel-windows-x86_64-gcc10-UCRT, r-patched-linux-x86_64, r-patched-solaris-x86, r-release-linux-x86_64, r-release-macos-arm64, r-release-macos-x86_64, r-release-windows-ix86+x86_64