CRAN Package Check Results for Package dyndimred

Last updated on 2021-08-03 05:52:41 CEST.

Flavor Version Tinstall Tcheck Ttotal Status Flags
r-devel-linux-x86_64-debian-clang 1.0.4 10.27 160.31 170.58 NOTE
r-devel-linux-x86_64-debian-gcc 1.0.4 7.83 120.91 128.74 NOTE
r-devel-linux-x86_64-fedora-clang 1.0.4 214.53 NOTE
r-devel-linux-x86_64-fedora-gcc 1.0.4 203.00 NOTE
r-devel-windows-x86_64 1.0.4 12.00 207.00 219.00 NOTE
r-devel-windows-x86_64-gcc10-UCRT 1.0.4 NOTE
r-patched-linux-x86_64 1.0.4 10.74 153.04 163.78 NOTE
r-patched-solaris-x86 1.0.4 399.50 NOTE
r-release-linux-x86_64 1.0.4 8.00 154.94 162.94 NOTE
r-release-macos-arm64 1.0.4 NOTE
r-release-macos-x86_64 1.0.4 NOTE
r-release-windows-ix86+x86_64 1.0.4 22.00 158.00 180.00 NOTE
r-oldrel-macos-x86_64 1.0.4 OK
r-oldrel-windows-ix86+x86_64 1.0.4 20.00 223.00 243.00 OK

Check Details

Version: 1.0.4
Check: LazyData
Result: NOTE
     'LazyData' is specified without a 'data' directory
Flavors: r-devel-linux-x86_64-debian-clang, r-devel-linux-x86_64-debian-gcc, r-devel-linux-x86_64-fedora-clang, r-devel-linux-x86_64-fedora-gcc, r-devel-windows-x86_64, r-devel-windows-x86_64-gcc10-UCRT, r-patched-linux-x86_64, r-patched-solaris-x86, r-release-linux-x86_64, r-release-macos-arm64, r-release-macos-x86_64, r-release-windows-ix86+x86_64