CRAN Package Check Results for Package dosearch

Last updated on 2021-08-04 05:52:30 CEST.

Flavor Version Tinstall Tcheck Ttotal Status Flags
r-devel-linux-x86_64-debian-clang 1.0.6 66.09 44.50 110.59 OK
r-devel-linux-x86_64-debian-gcc 1.0.6 40.92 34.11 75.03 OK
r-devel-linux-x86_64-fedora-clang 1.0.6 163.29 NOTE
r-devel-linux-x86_64-fedora-gcc 1.0.6 135.32 OK
r-devel-windows-x86_64 1.0.6 60.00 82.00 142.00 OK
r-devel-windows-x86_64-gcc10-UCRT 1.0.6 OK
r-patched-linux-x86_64 1.0.6 51.69 42.71 94.40 OK
r-patched-solaris-x86 1.0.6 152.30 OK
r-release-linux-x86_64 1.0.6 52.59 42.75 95.34 OK
r-release-macos-arm64 1.0.6 OK
r-release-macos-x86_64 1.0.6 OK
r-release-windows-ix86+x86_64 1.0.6 147.00 84.00 231.00 OK
r-oldrel-macos-x86_64 1.0.6 OK
r-oldrel-windows-ix86+x86_64 1.0.6 104.00 113.00 217.00 OK

Check Details

Version: 1.0.6
Check: Rd cross-references
Result: NOTE
    Undeclared package ‘causaleffect’ in Rd xrefs
Flavor: r-devel-linux-x86_64-fedora-clang