CRAN Package Check Results for Package doRNG

Last updated on 2021-06-13 05:51:03 CEST.

Flavor Version Tinstall Tcheck Ttotal Status Flags
r-devel-linux-x86_64-debian-clang 1.8.2 2.23 81.23 83.46 NOTE
r-devel-linux-x86_64-debian-gcc 1.8.2 1.91 64.96 66.87 NOTE
r-devel-linux-x86_64-fedora-clang 1.8.2 109.02 NOTE
r-devel-linux-x86_64-fedora-gcc 1.8.2 96.49 NOTE
r-devel-windows-x86_64 1.8.2 7.00 97.00 104.00 OK
r-devel-windows-x86_64-gcc10-UCRT 1.8.2 NOTE
r-patched-linux-x86_64 1.8.2 4.45 80.15 84.60 NOTE
r-patched-solaris-x86 1.8.2 161.70 NOTE
r-release-linux-x86_64 1.8.2 2.24 80.37 82.61 NOTE
r-release-macos-arm64 1.8.2 NOTE
r-release-macos-x86_64 1.8.2 NOTE
r-release-windows-ix86+x86_64 1.8.2 5.00 89.00 94.00 OK
r-oldrel-macos-x86_64 1.8.2 NOTE
r-oldrel-windows-ix86+x86_64 1.8.2 5.00 117.00 122.00 OK

Check Details

Version: 1.8.2
Check: package dependencies
Result: NOTE
    Package suggested but not available for checking: 'doRedis'
Flavors: r-devel-linux-x86_64-debian-clang, r-devel-linux-x86_64-debian-gcc, r-devel-linux-x86_64-fedora-gcc, r-devel-windows-x86_64-gcc10-UCRT, r-patched-linux-x86_64, r-patched-solaris-x86, r-release-linux-x86_64

Version: 1.8.2
Check: package dependencies
Result: NOTE
    Package suggested but not available for checking: ‘doRedis’
    
    Suggests orphaned package: ‘bibtex’
Flavor: r-devel-linux-x86_64-fedora-clang

Version: 1.8.2
Check: package dependencies
Result: NOTE
    Packages suggested but not available for checking: 'doMPI', 'doRedis'
Flavors: r-release-macos-arm64, r-release-macos-x86_64

Version: 1.8.2
Check: Rd cross-references
Result: NOTE
    Package unavailable to check Rd xrefs: ‘doMPI’
Flavors: r-release-macos-arm64, r-release-macos-x86_64, r-oldrel-macos-x86_64

Version: 1.8.2
Check: package dependencies
Result: NOTE
    Package suggested but not available for checking: ‘doMPI’
Flavor: r-oldrel-macos-x86_64