CRAN Package Check Results for Package dnet

Last updated on 2021-08-03 05:52:40 CEST.

Flavor Version Tinstall Tcheck Ttotal Status Flags
r-devel-linux-x86_64-debian-clang 1.1.7 21.03 175.69 196.72 OK
r-devel-linux-x86_64-debian-gcc 1.1.7 15.83 128.04 143.87 OK
r-devel-linux-x86_64-fedora-clang 1.1.7 239.40 OK
r-devel-linux-x86_64-fedora-gcc 1.1.7 225.49 OK
r-devel-windows-x86_64 1.1.7 28.00 201.00 229.00 OK
r-devel-windows-x86_64-gcc10-UCRT 1.1.7 OK
r-patched-linux-x86_64 1.1.7 22.16 162.75 184.91 OK
r-patched-solaris-x86 1.1.7 311.10 OK
r-release-linux-x86_64 1.1.7 18.38 163.94 182.32 OK
r-release-macos-arm64 1.1.7 ERROR
r-release-macos-x86_64 1.1.7 OK
r-release-windows-ix86+x86_64 1.1.7 43.00 160.00 203.00 OK
r-oldrel-macos-x86_64 1.1.7 OK
r-oldrel-windows-ix86+x86_64 1.1.7 33.00 200.00 233.00 OK

Check Details

Version: 1.1.7
Check: package dependencies
Result: ERROR
    Package required but not available: ‘supraHex’
    
    See section ‘The DESCRIPTION file’ in the ‘Writing R Extensions’
    manual.
Flavor: r-release-macos-arm64