CRAN Package Check Results for Package discretecdAlgorithm

Last updated on 2021-08-01 05:51:55 CEST.

Flavor Version Tinstall Tcheck Ttotal Status Flags
r-devel-linux-x86_64-debian-clang 0.0.7 70.53 43.18 113.71 NOTE
r-devel-linux-x86_64-debian-gcc 0.0.7 46.28 33.37 79.65 NOTE
r-devel-linux-x86_64-fedora-clang 0.0.7 168.50 NOTE
r-devel-linux-x86_64-fedora-gcc 0.0.7 138.20 NOTE
r-devel-windows-x86_64 0.0.7 53.00 71.00 124.00 NOTE
r-devel-windows-x86_64-gcc10-UCRT 0.0.7 NOTE
r-patched-linux-x86_64 0.0.7 NOTE
r-patched-solaris-x86 0.0.7 136.80 NOTE
r-release-linux-x86_64 0.0.7 56.82 42.08 98.90 NOTE
r-release-macos-arm64 0.0.7 NOTE
r-release-macos-x86_64 0.0.7 NOTE
r-release-windows-ix86+x86_64 0.0.7 142.00 82.00 224.00 NOTE
r-oldrel-macos-x86_64 0.0.7 NOTE
r-oldrel-windows-ix86+x86_64 0.0.7 100.00 107.00 207.00 OK

Check Details

Version: 0.0.7
Check: LazyData
Result: NOTE
     'LazyData' is specified without a 'data' directory
Flavors: r-devel-linux-x86_64-debian-clang, r-devel-linux-x86_64-debian-gcc, r-devel-linux-x86_64-fedora-clang, r-devel-linux-x86_64-fedora-gcc, r-devel-windows-x86_64, r-devel-windows-x86_64-gcc10-UCRT, r-patched-linux-x86_64, r-patched-solaris-x86, r-release-linux-x86_64, r-release-macos-arm64, r-release-macos-x86_64, r-release-windows-ix86+x86_64

Version: 0.0.7
Check: installed package size
Result: NOTE
     installed size is 9.3Mb
     sub-directories of 1Mb or more:
     libs 9.2Mb
Flavors: r-devel-linux-x86_64-fedora-clang, r-release-macos-arm64, r-release-macos-x86_64, r-oldrel-macos-x86_64