CRAN Package Check Results for Package diffr

Last updated on 2021-11-28 05:49:31 CET.

Flavor Version Tinstall Tcheck Ttotal Status Flags
r-devel-linux-x86_64-debian-clang 0.1 NOTE
r-devel-linux-x86_64-debian-gcc 0.1 1.71 18.44 20.15 NOTE
r-devel-linux-x86_64-fedora-clang 0.1 42.35 NOTE
r-devel-linux-x86_64-fedora-gcc 0.1 31.23 NOTE
r-devel-windows-x86_64-new-UL 0.1 6.00 65.00 71.00 NOTE
r-devel-windows-x86_64-new-TK 0.1 NOTE
r-devel-windows-x86_64-old 0.1 4.00 43.00 47.00 NOTE
r-patched-linux-x86_64 0.1 4.81 22.35 27.16 NOTE
r-patched-solaris-x86 0.1 52.20 NOTE
r-release-linux-x86_64 0.1 2.14 22.07 24.21 NOTE
r-release-macos-arm64 0.1 NOTE
r-release-macos-x86_64 0.1 NOTE
r-release-windows-ix86+x86_64 0.1 5.00 31.00 36.00 NOTE
r-oldrel-macos-x86_64 0.1 OK
r-oldrel-windows-ix86+x86_64 0.1 4.00 39.00 43.00 OK

Check Details

Version: 0.1
Check: LazyData
Result: NOTE
     'LazyData' is specified without a 'data' directory
Flavors: r-devel-linux-x86_64-debian-clang, r-devel-linux-x86_64-debian-gcc, r-devel-linux-x86_64-fedora-clang, r-devel-linux-x86_64-fedora-gcc, r-devel-windows-x86_64-new-UL, r-devel-windows-x86_64-new-TK, r-devel-windows-x86_64-old, r-patched-linux-x86_64, r-patched-solaris-x86, r-release-linux-x86_64, r-release-macos-arm64, r-release-macos-x86_64, r-release-windows-ix86+x86_64