CRAN Package Check Results for Package dcGOR

Last updated on 2021-08-01 05:51:54 CEST.

Flavor Version Tinstall Tcheck Ttotal Status Flags
r-devel-linux-x86_64-debian-clang 1.0.6 22.62 172.99 195.61 OK
r-devel-linux-x86_64-debian-gcc 1.0.6 18.93 132.06 150.99 OK
r-devel-linux-x86_64-fedora-clang 1.0.6 243.85 NOTE
r-devel-linux-x86_64-fedora-gcc 1.0.6 230.95 OK
r-devel-windows-x86_64 1.0.6 26.00 215.00 241.00 NOTE
r-devel-windows-x86_64-gcc10-UCRT 1.0.6 NOTE
r-patched-linux-x86_64 1.0.6 OK
r-patched-solaris-x86 1.0.6 326.00 NOTE
r-release-linux-x86_64 1.0.6 18.54 161.95 180.49 OK
r-release-macos-arm64 1.0.6 ERROR
r-release-macos-x86_64 1.0.6 NOTE
r-release-windows-ix86+x86_64 1.0.6 48.00 163.00 211.00 NOTE
r-oldrel-macos-x86_64 1.0.6 NOTE
r-oldrel-windows-ix86+x86_64 1.0.6 35.00 212.00 247.00 NOTE

Check Details

Version: 1.0.6
Check: installed package size
Result: NOTE
     installed size is 5.4Mb
     sub-directories of 1Mb or more:
     data 4.1Mb
Flavors: r-devel-linux-x86_64-fedora-clang, r-devel-windows-x86_64, r-patched-solaris-x86, r-release-macos-x86_64, r-release-windows-ix86+x86_64, r-oldrel-macos-x86_64, r-oldrel-windows-ix86+x86_64

Version: 1.0.6
Check: package dependencies
Result: NOTE
    Package suggested but not available for checking: 'doMC'
Flavors: r-devel-windows-x86_64, r-devel-windows-x86_64-gcc10-UCRT, r-release-windows-ix86+x86_64, r-oldrel-windows-ix86+x86_64

Version: 1.0.6
Check: package dependencies
Result: ERROR
    Package required but not available: ‘dnet’
    
    See section ‘The DESCRIPTION file’ in the ‘Writing R Extensions’
    manual.
Flavor: r-release-macos-arm64