CRAN Package Check Results for Package cvTools

Last updated on 2021-09-26 05:51:04 CEST.

Flavor Version Tinstall Tcheck Ttotal Status Flags
r-devel-linux-x86_64-debian-clang 0.3.2 3.56 118.19 121.75 NOTE
r-devel-linux-x86_64-debian-gcc 0.3.2 3.57 91.45 95.02 NOTE
r-devel-linux-x86_64-fedora-clang 0.3.2 153.46 NOTE
r-devel-linux-x86_64-fedora-gcc 0.3.2 144.44 NOTE
r-devel-windows-x86_64 0.3.2 6.00 113.00 119.00 NOTE
r-devel-windows-x86_64-gcc10-UCRT 0.3.2 NOTE
r-patched-linux-x86_64 0.3.2 5.18 115.92 121.10 NOTE
r-patched-solaris-x86 0.3.2 206.70 NOTE
r-release-linux-x86_64 0.3.2 4.35 115.96 120.31 NOTE
r-release-macos-arm64 0.3.2 NOTE
r-release-macos-x86_64 0.3.2 NOTE
r-release-windows-ix86+x86_64 0.3.2 10.00 108.00 118.00 NOTE
r-oldrel-macos-x86_64 0.3.2 NOTE
r-oldrel-windows-ix86+x86_64 0.3.2 18.00 111.00 129.00 NOTE

Check Details

Version: 0.3.2
Check: DESCRIPTION meta-information
Result: NOTE
    Packages listed in more than one of Depends, Imports, Suggests, Enhances:
     'lattice' 'robustbase'
    A package should be listed in only one of these fields.
Flavors: r-devel-linux-x86_64-debian-clang, r-devel-linux-x86_64-debian-gcc, r-devel-linux-x86_64-fedora-clang, r-devel-linux-x86_64-fedora-gcc, r-devel-windows-x86_64, r-devel-windows-x86_64-gcc10-UCRT, r-patched-linux-x86_64, r-patched-solaris-x86, r-release-linux-x86_64, r-release-macos-arm64, r-release-macos-x86_64, r-release-windows-ix86+x86_64, r-oldrel-macos-x86_64, r-oldrel-windows-ix86+x86_64