CRAN Package Check Results for Package csvread

Last updated on 2021-10-19 05:50:57 CEST.

Flavor Version Tinstall Tcheck Ttotal Status Flags
r-devel-linux-x86_64-debian-clang 1.2.1 4.80 22.22 27.02 NOTE
r-devel-linux-x86_64-debian-gcc 1.2.1 4.25 17.54 21.79 NOTE
r-devel-linux-x86_64-fedora-clang 1.2.1 46.39 NOTE
r-devel-linux-x86_64-fedora-gcc 1.2.1 34.64 NOTE
r-devel-windows-x86_64 1.2.1 11.00 46.00 57.00 NOTE
r-devel-windows-x86_64-gcc10-UCRT 1.2.1 NOTE
r-patched-linux-x86_64 1.2.1 5.02 21.32 26.34 NOTE
r-patched-solaris-x86 1.2.1 56.80 NOTE
r-release-linux-x86_64 1.2.1 4.98 21.80 26.78 NOTE
r-release-macos-arm64 1.2.1 NOTE
r-release-macos-x86_64 1.2.1 NOTE
r-release-windows-ix86+x86_64 1.2.1 17.00 45.00 62.00 NOTE
r-oldrel-macos-x86_64 1.2.1 OK
r-oldrel-windows-ix86+x86_64 1.2.1 14.00 46.00 60.00 OK

Check Details

Version: 1.2.1
Check: LazyData
Result: NOTE
     'LazyData' is specified without a 'data' directory
Flavors: r-devel-linux-x86_64-debian-clang, r-devel-linux-x86_64-debian-gcc, r-devel-linux-x86_64-fedora-clang, r-devel-linux-x86_64-fedora-gcc, r-devel-windows-x86_64, r-devel-windows-x86_64-gcc10-UCRT, r-patched-linux-x86_64, r-patched-solaris-x86, r-release-linux-x86_64, r-release-macos-arm64, r-release-macos-x86_64, r-release-windows-ix86+x86_64