CRAN Package Check Results for Package crosstalk

Last updated on 2021-09-20 05:49:45 CEST.

Flavor Version Tinstall Tcheck Ttotal Status Flags
r-devel-linux-x86_64-debian-clang 1.1.1 5.32 30.06 35.38 OK
r-devel-linux-x86_64-debian-gcc 1.1.1 3.08 23.63 26.71 OK
r-devel-linux-x86_64-fedora-clang 1.1.1 50.11 OK
r-devel-linux-x86_64-fedora-gcc 1.1.1 39.85 OK
r-devel-windows-x86_64 1.1.1 6.00 33.00 39.00 OK
r-devel-windows-x86_64-gcc10-UCRT 1.1.1 ERROR
r-patched-linux-x86_64 1.1.1 7.16 28.83 35.99 OK
r-patched-solaris-x86 1.1.1 63.90 OK
r-release-linux-x86_64 1.1.1 3.75 28.96 32.71 OK
r-release-macos-arm64 1.1.1 OK
r-release-macos-x86_64 1.1.1 OK
r-release-windows-ix86+x86_64 1.1.1 9.00 33.00 42.00 OK
r-oldrel-macos-x86_64 1.1.1 OK
r-oldrel-windows-ix86+x86_64 1.1.1 8.00 38.00 46.00 OK

Check Details

Version: 1.1.1
Check: whether package can be installed
Result: WARN
    Found the following significant warnings:
     WARNING: installation-time patches will not be applied, could not get the patches index
Flavor: r-devel-windows-x86_64-gcc10-UCRT

Version: 1.1.1
Check: PDF version of manual
Result: WARN
    LaTeX errors when creating PDF version.
    This typically indicates Rd problems.
Flavor: r-devel-windows-x86_64-gcc10-UCRT

Version: 1.1.1
Check: PDF version of manual without hyperrefs or index
Result: ERROR
    Re-running with no redirection of stdout/stderr.
Flavor: r-devel-windows-x86_64-gcc10-UCRT