CRAN Package Check Results for Package covsim

Last updated on 2021-10-27 05:55:05 CEST.

Flavor Version Tinstall Tcheck Ttotal Status Flags
r-devel-linux-x86_64-debian-clang 0.2.1 2.98 44.04 47.02 OK
r-devel-linux-x86_64-debian-gcc 0.2.1 2.13 33.30 35.43 OK
r-devel-linux-x86_64-fedora-clang 0.2.1 71.95 NOTE
r-devel-linux-x86_64-fedora-gcc 0.2.1 59.40 NOTE
r-devel-windows-x86_64 0.2.1 6.00 61.00 67.00 OK
r-devel-windows-x86_64-gcc10-UCRT 0.2.1 NOTE
r-patched-linux-x86_64 0.2.1 2.92 42.66 45.58 OK
r-patched-solaris-x86 0.2.1 78.70 NOTE
r-release-linux-x86_64 0.2.1 3.11 43.08 46.19 OK
r-release-macos-arm64 0.2.1 NOTE
r-release-macos-x86_64 0.2.1 NOTE
r-release-windows-ix86+x86_64 0.2.1 5.00 63.00 68.00 OK
r-oldrel-macos-x86_64 0.2.1 NOTE
r-oldrel-windows-ix86+x86_64 0.2.1 6.00 65.00 71.00 OK

Check Details

Version: 0.2.1
Check: dependencies in R code
Result: NOTE
    Namespaces in Imports field not imported from:
     ‘Rcpp’ ‘gsl’
     All declared Imports should be used.
Flavors: r-devel-linux-x86_64-fedora-clang, r-devel-linux-x86_64-fedora-gcc, r-devel-windows-x86_64-gcc10-UCRT, r-patched-solaris-x86, r-release-macos-arm64, r-release-macos-x86_64, r-oldrel-macos-x86_64