CRAN Package Check Results for Package covid19us

Last updated on 2022-01-26 05:54:11 CET.

Flavor Version Tinstall Tcheck Ttotal Status Flags
r-devel-linux-x86_64-debian-clang 0.1.7 3.71 229.67 233.38 NOTE
r-devel-linux-x86_64-debian-gcc 0.1.7 3.45 169.39 172.84 NOTE
r-devel-linux-x86_64-fedora-clang 0.1.7 268.91 NOTE
r-devel-linux-x86_64-fedora-gcc 0.1.7 279.93 NOTE
r-devel-windows-x86_64-new-UL 0.1.7 36.00 282.00 318.00 NOTE
r-devel-windows-x86_64-new-TK 0.1.7 NOTE
r-patched-linux-x86_64 0.1.7 4.39 223.83 228.22 NOTE
r-release-linux-x86_64 0.1.7 4.05 224.96 229.01 NOTE
r-release-macos-arm64 0.1.7 NOTE
r-release-macos-x86_64 0.1.7 NOTE
r-release-windows-ix86+x86_64 0.1.7 11.00 306.00 317.00 NOTE
r-oldrel-macos-x86_64 0.1.7 OK
r-oldrel-windows-ix86+x86_64 0.1.7 11.00 315.00 326.00 OK

Check Details

Version: 0.1.7
Check: LazyData
Result: NOTE
     'LazyData' is specified without a 'data' directory
Flavors: r-devel-linux-x86_64-debian-clang, r-devel-linux-x86_64-debian-gcc, r-devel-linux-x86_64-fedora-clang, r-devel-linux-x86_64-fedora-gcc, r-devel-windows-x86_64-new-UL, r-devel-windows-x86_64-new-TK, r-patched-linux-x86_64, r-release-linux-x86_64, r-release-macos-arm64, r-release-macos-x86_64, r-release-windows-ix86+x86_64