CRAN Package Check Results for Package corTest

Last updated on 2021-08-01 05:51:53 CEST.

Flavor Version Tinstall Tcheck Ttotal Status Flags
r-devel-linux-x86_64-debian-clang 1.0.7 10.95 107.03 117.98 OK
r-devel-linux-x86_64-debian-gcc 1.0.7 9.08 82.19 91.27 OK
r-devel-linux-x86_64-fedora-clang 1.0.7 149.57 NOTE
r-devel-linux-x86_64-fedora-gcc 1.0.7 136.97 NOTE
r-devel-windows-x86_64 1.0.7 13.00 129.00 142.00 OK
r-devel-windows-x86_64-gcc10-UCRT 1.0.7 NOTE
r-patched-linux-x86_64 1.0.7 OK
r-patched-solaris-x86 1.0.7 195.10 NOTE
r-release-linux-x86_64 1.0.7 9.69 101.60 111.29 OK
r-release-macos-arm64 1.0.7 NOTE
r-release-macos-x86_64 1.0.7 NOTE
r-release-windows-ix86+x86_64 1.0.7 25.00 96.00 121.00 OK
r-oldrel-macos-x86_64 1.0.7 NOTE
r-oldrel-windows-ix86+x86_64 1.0.7 21.00 129.00 150.00 OK

Check Details

Version: 1.0.7
Check: dependencies in R code
Result: NOTE
    Namespace in Imports field not imported from: ‘graphics’
     All declared Imports should be used.
Flavors: r-devel-linux-x86_64-fedora-clang, r-devel-linux-x86_64-fedora-gcc, r-devel-windows-x86_64-gcc10-UCRT, r-patched-solaris-x86, r-release-macos-arm64, r-release-macos-x86_64, r-oldrel-macos-x86_64