CRAN Package Check Results for Package compas

Last updated on 2021-09-20 05:49:44 CEST.

Flavor Version Tinstall Tcheck Ttotal Status Flags
r-devel-linux-x86_64-debian-clang 0.1 102.31 29.50 131.81 OK
r-devel-linux-x86_64-debian-gcc 0.1 70.42 26.30 96.72 OK
r-devel-linux-x86_64-fedora-clang 0.1 185.96 NOTE
r-devel-linux-x86_64-fedora-gcc 0.1 170.06 OK
r-devel-windows-x86_64 0.1 76.00 48.00 124.00 OK
r-devel-windows-x86_64-gcc10-UCRT 0.1 ERROR
r-patched-linux-x86_64 0.1 85.87 31.84 117.71 OK
r-patched-solaris-x86 0.1 156.80 OK
r-release-linux-x86_64 0.1 80.37 32.11 112.48 OK
r-release-macos-arm64 0.1 NOTE
r-release-macos-x86_64 0.1 NOTE
r-release-windows-ix86+x86_64 0.1 199.00 61.00 260.00 OK
r-oldrel-macos-x86_64 0.1 NOTE
r-oldrel-windows-ix86+x86_64 0.1 199.00 62.00 261.00 OK

Check Details

Version: 0.1
Check: installed package size
Result: NOTE
     installed size is 26.8Mb
     sub-directories of 1Mb or more:
     R 1.5Mb
     libs 25.1Mb
Flavors: r-devel-linux-x86_64-fedora-clang, r-release-macos-arm64, r-release-macos-x86_64, r-oldrel-macos-x86_64

Version: 0.1
Check: whether package can be installed
Result: ERROR
    Installation failed.
Flavor: r-devel-windows-x86_64-gcc10-UCRT