CRAN Package Check Results for Package communication

Last updated on 2021-07-31 05:51:39 CEST.

Flavor Version Tinstall Tcheck Ttotal Status Flags
r-devel-linux-x86_64-debian-clang 0.1 70.86 54.70 125.56 OK
r-devel-linux-x86_64-debian-gcc 0.1 48.01 41.49 89.50 OK
r-devel-linux-x86_64-fedora-clang 0.1 172.02 NOTE
r-devel-linux-x86_64-fedora-gcc 0.1 154.32 NOTE
r-devel-windows-x86_64 0.1 75.00 87.00 162.00 OK
r-devel-windows-x86_64-gcc10-UCRT 0.1 NOTE
r-patched-linux-x86_64 0.1 OK
r-patched-solaris-x86 0.1 162.50 NOTE
r-release-linux-x86_64 0.1 53.99 51.30 105.29 OK
r-release-macos-arm64 0.1 NOTE
r-release-macos-x86_64 0.1 NOTE
r-release-windows-ix86+x86_64 0.1 151.00 104.00 255.00 OK
r-oldrel-macos-x86_64 0.1 NOTE
r-oldrel-windows-ix86+x86_64 0.1 135.00 106.00 241.00 OK

Check Details

Version: 0.1
Check: dependencies in R code
Result: NOTE
    Namespaces in Imports field not imported from:
     ‘GGally’ ‘RColorBrewer’ ‘abind’ ‘diagram’ ‘ggplot2’ ‘grid’ ‘gtable’
     ‘igraph’ ‘magrittr’ ‘plyr’ ‘purrr’ ‘reshape2’ ‘scales’ ‘useful’
     All declared Imports should be used.
Flavors: r-devel-linux-x86_64-fedora-clang, r-devel-linux-x86_64-fedora-gcc, r-devel-windows-x86_64-gcc10-UCRT, r-patched-solaris-x86, r-release-macos-arm64, r-release-macos-x86_64, r-oldrel-macos-x86_64

Version: 0.1
Check: installed package size
Result: NOTE
     installed size is 6.1Mb
     sub-directories of 1Mb or more:
     libs 5.5Mb
Flavors: r-release-macos-arm64, r-release-macos-x86_64, r-oldrel-macos-x86_64