CRAN Package Check Results for Package clime

Last updated on 2021-10-18 05:54:14 CEST.

Flavor Version Tinstall Tcheck Ttotal Status Flags
r-devel-linux-x86_64-debian-clang 0.4.1 2.42 38.94 41.36 NOTE
r-devel-linux-x86_64-debian-gcc 0.4.1 1.74 29.57 31.31 NOTE
r-devel-linux-x86_64-fedora-clang 0.4.1 60.19 NOTE
r-devel-linux-x86_64-fedora-gcc 0.4.1 47.79 NOTE
r-devel-windows-x86_64 0.4.1 4.00 64.00 68.00 NOTE
r-devel-windows-x86_64-gcc10-UCRT 0.4.1 NOTE
r-patched-linux-x86_64 0.4.1 2.35 37.26 39.61 NOTE
r-patched-solaris-x86 0.4.1 66.90 NOTE
r-release-linux-x86_64 0.4.1 2.31 36.41 38.72 NOTE
r-release-macos-arm64 0.4.1 NOTE
r-release-macos-x86_64 0.4.1 NOTE
r-release-windows-ix86+x86_64 0.4.1 6.00 47.00 53.00 NOTE
r-oldrel-macos-x86_64 0.4.1 NOTE
r-oldrel-windows-ix86+x86_64 0.4.1 5.00 45.00 50.00 NOTE

Check Details

Version: 0.4.1
Check: package dependencies
Result: NOTE
    Package suggested but not available for checking: 'scio'
Flavors: r-devel-linux-x86_64-debian-clang, r-devel-linux-x86_64-debian-gcc, r-devel-linux-x86_64-fedora-clang, r-devel-linux-x86_64-fedora-gcc, r-devel-windows-x86_64-gcc10-UCRT, r-patched-linux-x86_64, r-patched-solaris-x86, r-release-linux-x86_64, r-release-macos-arm64, r-release-macos-x86_64

Version: 0.4.1
Check: R code for possible problems
Result: NOTE
    clime: no visible global function definition for 'cov'
    cv.clime: no visible global function definition for 'cov'
    cv.clime: no visible binding for global variable 'sd'
    Undefined global functions or variables:
     cov sd
    Consider adding
     importFrom("stats", "cov", "sd")
    to your NAMESPACE file.
Flavors: r-devel-linux-x86_64-debian-clang, r-devel-linux-x86_64-debian-gcc, r-devel-linux-x86_64-fedora-clang, r-devel-linux-x86_64-fedora-gcc, r-devel-windows-x86_64, r-devel-windows-x86_64-gcc10-UCRT, r-patched-linux-x86_64, r-patched-solaris-x86, r-release-linux-x86_64, r-release-macos-arm64, r-release-macos-x86_64, r-release-windows-ix86+x86_64, r-oldrel-macos-x86_64, r-oldrel-windows-ix86+x86_64