CRAN Package Check Results for Package cdmTools

Last updated on 2021-09-21 05:50:57 CEST.

Flavor Version Tinstall Tcheck Ttotal Status Flags
r-devel-linux-x86_64-debian-clang 1.0.0 5.26 62.19 67.45 OK
r-devel-linux-x86_64-debian-gcc 1.0.0 5.05 46.26 51.31 OK
r-devel-linux-x86_64-fedora-clang 1.0.0 90.01 OK
r-devel-linux-x86_64-fedora-gcc 1.0.0 78.53 OK
r-devel-windows-x86_64 1.0.0 7.00 82.00 89.00 OK
r-devel-windows-x86_64-gcc10-UCRT 1.0.0 ERROR
r-patched-linux-x86_64 1.0.0 4.48 59.26 63.74 OK
r-patched-solaris-x86 1.0.0 132.40 OK
r-release-linux-x86_64 1.0.0 4.65 60.11 64.76 OK
r-release-macos-arm64 1.0.0 OK
r-release-macos-x86_64 1.0.0 OK
r-release-windows-ix86+x86_64 1.0.0 11.00 59.00 70.00 OK
r-oldrel-macos-x86_64 1.0.0 OK
r-oldrel-windows-ix86+x86_64 1.0.0 11.00 58.00 69.00 OK

Check Details

Version: 1.0.0
Check: whether package can be installed
Result: WARN
    Found the following significant warnings:
     WARNING: installation-time patches will not be applied, could not get the patches index
Flavor: r-devel-windows-x86_64-gcc10-UCRT

Version: 1.0.0
Check: PDF version of manual
Result: WARN
    LaTeX errors when creating PDF version.
    This typically indicates Rd problems.
Flavor: r-devel-windows-x86_64-gcc10-UCRT

Version: 1.0.0
Check: PDF version of manual without hyperrefs or index
Result: ERROR
    Re-running with no redirection of stdout/stderr.
Flavor: r-devel-windows-x86_64-gcc10-UCRT