CRAN Package Check Results for Package cccrm

Last updated on 2021-09-20 05:49:42 CEST.

Flavor Version Tinstall Tcheck Ttotal Status Flags
r-devel-linux-x86_64-debian-clang 2.0.3 6.22 61.03 67.25 OK
r-devel-linux-x86_64-debian-gcc 2.0.3 5.07 44.76 49.83 OK
r-devel-linux-x86_64-fedora-clang 2.0.3 88.30 OK
r-devel-linux-x86_64-fedora-gcc 2.0.3 76.74 OK
r-devel-windows-x86_64 2.0.3 8.00 55.00 63.00 OK
r-devel-windows-x86_64-gcc10-UCRT 2.0.3 ERROR
r-patched-linux-x86_64 2.0.3 5.63 57.31 62.94 OK
r-patched-solaris-x86 2.0.3 106.10 OK
r-release-linux-x86_64 2.0.3 5.76 57.14 62.90 OK
r-release-macos-arm64 2.0.3 OK
r-release-macos-x86_64 2.0.3 OK
r-release-windows-ix86+x86_64 2.0.3 14.00 57.00 71.00 OK
r-oldrel-macos-x86_64 2.0.3 OK
r-oldrel-windows-ix86+x86_64 2.0.3 15.00 85.00 100.00 OK

Check Details

Version: 2.0.3
Check: whether package can be installed
Result: WARN
    Found the following significant warnings:
     WARNING: installation-time patches will not be applied, could not get the patches index
Flavor: r-devel-windows-x86_64-gcc10-UCRT

Version: 2.0.3
Check: PDF version of manual
Result: WARN
    LaTeX errors when creating PDF version.
    This typically indicates Rd problems.
Flavor: r-devel-windows-x86_64-gcc10-UCRT

Version: 2.0.3
Check: PDF version of manual without hyperrefs or index
Result: ERROR
    Re-running with no redirection of stdout/stderr.
Flavor: r-devel-windows-x86_64-gcc10-UCRT