CRAN Package Check Results for Package cape

Last updated on 2021-07-31 05:51:38 CEST.

Flavor Version Tinstall Tcheck Ttotal Status Flags
r-devel-linux-x86_64-debian-clang 3.1.0 26.53 327.58 354.11 NOTE
r-devel-linux-x86_64-debian-gcc 3.1.0 19.21 245.59 264.80 NOTE
r-devel-linux-x86_64-fedora-clang 3.1.0 411.72 NOTE
r-devel-linux-x86_64-fedora-gcc 3.1.0 404.68 NOTE
r-devel-windows-x86_64 3.1.0 25.00 390.00 415.00 NOTE
r-devel-windows-x86_64-gcc10-UCRT 3.1.0 NOTE
r-patched-linux-x86_64 3.1.0 NOTE
r-patched-solaris-x86 3.1.0 527.10 NOTE
r-release-linux-x86_64 3.1.0 24.38 308.84 333.22 NOTE
r-release-macos-arm64 3.1.0 NOTE
r-release-macos-x86_64 3.1.0 NOTE
r-release-windows-ix86+x86_64 3.1.0 45.00 374.00 419.00 NOTE
r-oldrel-macos-x86_64 3.1.0 OK
r-oldrel-windows-ix86+x86_64 3.1.0 37.00 381.00 418.00 OK

Check Details

Version: 3.1.0
Check: LazyData
Result: NOTE
     'LazyData' is specified without a 'data' directory
Flavors: r-devel-linux-x86_64-debian-clang, r-devel-linux-x86_64-debian-gcc, r-devel-linux-x86_64-fedora-clang, r-devel-linux-x86_64-fedora-gcc, r-devel-windows-x86_64, r-devel-windows-x86_64-gcc10-UCRT, r-patched-linux-x86_64, r-patched-solaris-x86, r-release-linux-x86_64, r-release-macos-arm64, r-release-macos-x86_64, r-release-windows-ix86+x86_64