CRAN Package Check Results for Package bwsTools

Last updated on 2021-08-03 05:52:36 CEST.

Flavor Version Tinstall Tcheck Ttotal Status Flags
r-devel-linux-x86_64-debian-clang 1.2.0 3.12 209.24 212.36 OK
r-devel-linux-x86_64-debian-gcc 1.2.0 2.54 151.16 153.70 OK
r-devel-linux-x86_64-fedora-clang 1.2.0 242.01 OK
r-devel-linux-x86_64-fedora-gcc 1.2.0 238.48 OK
r-devel-windows-x86_64 1.2.0 5.00 253.00 258.00 OK
r-devel-windows-x86_64-gcc10-UCRT 1.2.0 OK
r-patched-linux-x86_64 1.2.0 2.53 195.49 198.02 OK
r-patched-solaris-x86 1.2.0 297.50 OK
r-release-linux-x86_64 1.2.0 2.51 196.65 199.16 OK
r-release-macos-arm64 1.2.0 WARN
r-release-macos-x86_64 1.2.0 OK
r-release-windows-ix86+x86_64 1.2.0 7.00 251.00 258.00 OK
r-oldrel-macos-x86_64 1.2.0 OK
r-oldrel-windows-ix86+x86_64 1.2.0 7.00 262.00 269.00 OK

Check Details

Version: 1.2.0
Check: re-building of vignette outputs
Result: WARN
    Error(s) in re-building vignettes:
    --- re-building ‘aggregate.Rmd’ using rmarkdown
    Warning in engine$weave(file, quiet = quiet, encoding = enc) :
     Pandoc (>= 1.12.3) not available. Falling back to R Markdown v1.
    Quitting from lines 59-67 (aggregate.Rmd)
    Error: processing vignette 'aggregate.Rmd' failed with diagnostics:
    polygon edge not found
    --- failed re-building ‘aggregate.Rmd’
    
    --- re-building ‘individual.Rmd’ using rmarkdown
    Warning in engine$weave(file, quiet = quiet, encoding = enc) :
     Pandoc (>= 1.12.3) not available. Falling back to R Markdown v1.
    
    Attaching package: 'dplyr'
    
    The following objects are masked from 'package:stats':
    
     filter, lag
    
    The following objects are masked from 'package:base':
    
     intersect, setdiff, setequal, union
    
    Quitting from lines 60-70 (individual.Rmd)
    Error: processing vignette 'individual.Rmd' failed with diagnostics:
    polygon edge not found
    --- failed re-building ‘individual.Rmd’
    
    --- re-building ‘tidying_data.Rmd’ using rmarkdown
    Warning in engine$weave(file, quiet = quiet, encoding = enc) :
     Pandoc (>= 1.12.3) not available. Falling back to R Markdown v1.
    
    Attaching package: 'dplyr'
    
    The following objects are masked from 'package:stats':
    
     filter, lag
    
    The following objects are masked from 'package:base':
    
     intersect, setdiff, setequal, union
    
    --- finished re-building ‘tidying_data.Rmd’
    
    SUMMARY: processing the following files failed:
     ‘aggregate.Rmd’ ‘individual.Rmd’
    
    Error: Vignette re-building failed.
    Execution halted
Flavor: r-release-macos-arm64