CRAN Package Check Results for Package bnspatial

Last updated on 2021-09-21 05:50:55 CEST.

Flavor Version Tinstall Tcheck Ttotal Status Flags
r-devel-linux-x86_64-debian-clang 1.1.1 4.03 90.17 94.20 OK
r-devel-linux-x86_64-debian-gcc 1.1.1 3.15 66.43 69.58 OK
r-devel-linux-x86_64-fedora-clang 1.1.1 119.10 OK
r-devel-linux-x86_64-fedora-gcc 1.1.1 101.12 OK
r-devel-windows-x86_64 1.1.1 5.00 92.00 97.00 OK
r-devel-windows-x86_64-gcc10-UCRT 1.1.1 ERROR
r-patched-linux-x86_64 1.1.1 4.74 85.29 90.03 OK
r-patched-solaris-x86 1.1.1 123.60 OK
r-release-linux-x86_64 1.1.1 3.73 83.54 87.27 OK
r-release-macos-arm64 1.1.1 OK
r-release-macos-x86_64 1.1.1 OK
r-release-windows-ix86+x86_64 1.1.1 8.00 102.00 110.00 OK
r-oldrel-macos-x86_64 1.1.1 OK
r-oldrel-windows-ix86+x86_64 1.1.1 8.00 119.00 127.00 OK

Check Details

Version: 1.1.1
Check: whether package can be installed
Result: WARN
    Found the following significant warnings:
     WARNING: installation-time patches will not be applied, could not get the patches index
Flavor: r-devel-windows-x86_64-gcc10-UCRT

Version: 1.1.1
Check: PDF version of manual
Result: WARN
    LaTeX errors when creating PDF version.
    This typically indicates Rd problems.
Flavor: r-devel-windows-x86_64-gcc10-UCRT

Version: 1.1.1
Check: PDF version of manual without hyperrefs or index
Result: ERROR
    Re-running with no redirection of stdout/stderr.
Flavor: r-devel-windows-x86_64-gcc10-UCRT