CRAN Package Check Results for Package bnpa

Last updated on 2021-10-16 05:51:16 CEST.

Flavor Version Tinstall Tcheck Ttotal Status Flags
r-devel-linux-x86_64-debian-clang 0.3.0 2.88 39.72 42.60 OK
r-devel-linux-x86_64-debian-gcc 0.3.0 2.66 30.47 33.13 OK
r-devel-linux-x86_64-fedora-clang 0.3.0 61.77 NOTE
r-devel-linux-x86_64-fedora-gcc 0.3.0 52.51 NOTE
r-devel-windows-x86_64 0.3.0 14.00 43.00 57.00 OK
r-devel-windows-x86_64-gcc10-UCRT 0.3.0 NOTE
r-patched-linux-x86_64 0.3.0 3.10 38.69 41.79 OK
r-patched-solaris-x86 0.3.0 75.90 NOTE
r-release-linux-x86_64 0.3.0 3.04 37.85 40.89 OK
r-release-macos-arm64 0.3.0 OK
r-release-macos-x86_64 0.3.0 NOTE
r-release-windows-ix86+x86_64 0.3.0 9.00 59.00 68.00 OK
r-oldrel-macos-x86_64 0.3.0 NOTE
r-oldrel-windows-ix86+x86_64 0.3.0 9.00 60.00 69.00 OK

Check Details

Version: 0.3.0
Check: dependencies in R code
Result: NOTE
    Namespaces in Imports field not imported from:
     ‘Rgraphviz’ ‘fastDummies’
     All declared Imports should be used.
Flavors: r-devel-linux-x86_64-fedora-clang, r-devel-linux-x86_64-fedora-gcc, r-devel-windows-x86_64-gcc10-UCRT, r-patched-solaris-x86, r-release-macos-x86_64, r-oldrel-macos-x86_64