CRAN Package Check Results for Package bnmonitor

Last updated on 2021-09-26 05:51:01 CEST.

Flavor Version Tinstall Tcheck Ttotal Status Flags
r-devel-linux-x86_64-debian-clang 0.1.1 19.91 170.37 190.28 OK
r-devel-linux-x86_64-debian-gcc 0.1.1 14.11 127.15 141.26 OK
r-devel-linux-x86_64-fedora-clang 0.1.1 230.67 NOTE
r-devel-linux-x86_64-fedora-gcc 0.1.1 211.05 NOTE
r-devel-windows-x86_64 0.1.1 20.00 150.00 170.00 OK
r-devel-windows-x86_64-gcc10-UCRT 0.1.1 NOTE
r-patched-linux-x86_64 0.1.1 16.83 157.37 174.20 OK
r-patched-solaris-x86 0.1.1 303.80 NOTE
r-release-linux-x86_64 0.1.1 17.20 158.10 175.30 OK
r-release-macos-arm64 0.1.1 NOTE
r-release-macos-x86_64 0.1.1 NOTE
r-release-windows-ix86+x86_64 0.1.1 44.00 155.00 199.00 OK
r-oldrel-macos-x86_64 0.1.1 NOTE
r-oldrel-windows-ix86+x86_64 0.1.1 31.00 141.00 172.00 OK

Check Details

Version: 0.1.1
Check: dependencies in R code
Result: NOTE
    Namespace in Imports field not imported from: ‘matrixcalc’
     All declared Imports should be used.
Flavors: r-devel-linux-x86_64-fedora-clang, r-devel-linux-x86_64-fedora-gcc, r-devel-windows-x86_64-gcc10-UCRT, r-patched-solaris-x86, r-release-macos-arm64, r-release-macos-x86_64, r-oldrel-macos-x86_64