CRAN Package Check Results for Package bitmexr

Last updated on 2022-01-22 05:10:10 CET.

Flavor Version Tinstall Tcheck Ttotal Status Flags
r-devel-linux-x86_64-debian-clang 0.3.1 7.71 75.04 82.75 NOTE
r-devel-linux-x86_64-debian-gcc 0.3.1 4.98 56.65 61.63 NOTE
r-devel-linux-x86_64-fedora-clang 0.3.1 106.36 NOTE
r-devel-linux-x86_64-fedora-gcc 0.3.1 91.73 NOTE
r-devel-windows-x86_64-new-UL 0.3.1 195.00 135.00 330.00 NOTE
r-devel-windows-x86_64-new-TK 0.3.1 NOTE
r-patched-linux-x86_64 0.3.1 7.29 72.62 79.91 NOTE
r-release-linux-x86_64 0.3.1 6.43 73.38 79.81 NOTE
r-release-macos-arm64 0.3.1 NOTE
r-release-macos-x86_64 0.3.1 NOTE
r-release-windows-ix86+x86_64 0.3.1 17.00 105.00 122.00 NOTE
r-oldrel-macos-x86_64 0.3.1 OK
r-oldrel-windows-ix86+x86_64 0.3.1 18.00 106.00 124.00 OK

Check Details

Version: 0.3.1
Check: LazyData
Result: NOTE
     'LazyData' is specified without a 'data' directory
Flavors: r-devel-linux-x86_64-debian-clang, r-devel-linux-x86_64-debian-gcc, r-devel-linux-x86_64-fedora-clang, r-devel-linux-x86_64-fedora-gcc, r-devel-windows-x86_64-new-UL, r-devel-windows-x86_64-new-TK, r-patched-linux-x86_64, r-release-linux-x86_64, r-release-macos-arm64, r-release-macos-x86_64, r-release-windows-ix86+x86_64