CRAN Package Check Results for Package bio3d

Last updated on 2021-08-04 05:52:23 CEST.

Flavor Version Tinstall Tcheck Ttotal Status Flags
r-devel-linux-x86_64-debian-clang 2.4-2 80.07 199.66 279.73 NOTE
r-devel-linux-x86_64-debian-gcc 2.4-2 57.97 147.09 205.06 NOTE
r-devel-linux-x86_64-fedora-clang 2.4-2 367.07 NOTE
r-devel-linux-x86_64-fedora-gcc 2.4-2 351.26 NOTE
r-devel-windows-x86_64 2.4-2 83.00 241.00 324.00 OK
r-devel-windows-x86_64-gcc10-UCRT 2.4-2 OK
r-patched-linux-x86_64 2.4-2 79.69 195.68 275.37 NOTE
r-patched-solaris-x86 2.4-2 433.00 NOTE
r-release-linux-x86_64 2.4-2 73.24 193.87 267.11 NOTE
r-release-macos-arm64 2.4-2 NOTE
r-release-macos-x86_64 2.4-2 NOTE
r-release-windows-ix86+x86_64 2.4-2 176.00 309.00 485.00 NOTE
r-oldrel-macos-x86_64 2.4-2 NOTE
r-oldrel-windows-ix86+x86_64 2.4-2 124.00 313.00 437.00 NOTE

Check Details

Version: 2.4-2
Check: package dependencies
Result: NOTE
    Package suggested but not available for checking: 'msa'
Flavors: r-devel-linux-x86_64-debian-clang, r-devel-linux-x86_64-debian-gcc, r-devel-linux-x86_64-fedora-clang, r-devel-linux-x86_64-fedora-gcc, r-patched-linux-x86_64, r-patched-solaris-x86, r-release-linux-x86_64, r-release-macos-arm64, r-release-macos-x86_64, r-oldrel-macos-x86_64

Version: 2.4-2
Check: installed package size
Result: NOTE
     installed size is 6.3Mb
     sub-directories of 1Mb or more:
     libs 2.7Mb
Flavors: r-devel-linux-x86_64-fedora-clang, r-release-macos-arm64, r-release-macos-x86_64, r-release-windows-ix86+x86_64, r-oldrel-macos-x86_64, r-oldrel-windows-ix86+x86_64