CRAN Package Check Results for Package bigmemory

Last updated on 2021-09-19 05:51:18 CEST.

Flavor Version Tinstall Tcheck Ttotal Status Flags
r-devel-linux-x86_64-debian-clang 4.5.36 90.53 45.37 135.90 OK
r-devel-linux-x86_64-debian-gcc 4.5.36 61.07 35.17 96.24 OK
r-devel-linux-x86_64-fedora-clang 4.5.36 193.36 NOTE
r-devel-linux-x86_64-fedora-gcc 4.5.36 170.56 NOTE
r-devel-windows-x86_64 4.5.36 88.00 71.00 159.00 OK
r-devel-windows-x86_64-gcc10-UCRT 4.5.36 ERROR
r-patched-linux-x86_64 4.5.36 74.14 43.84 117.98 OK
r-patched-solaris-x86 4.5.36 161.90 OK
r-release-linux-x86_64 4.5.36 74.01 43.69 117.70 OK
r-release-macos-arm64 4.5.36 ERROR
r-release-macos-x86_64 4.5.36 NOTE
r-release-windows-ix86+x86_64 4.5.36 217.00 102.00 319.00 OK
r-oldrel-macos-x86_64 4.5.36 NOTE
r-oldrel-windows-ix86+x86_64 4.5.36 224.00 79.00 303.00 OK

Additional issues

clang-UBSAN M1mac

Check Details

Version: 4.5.36
Check: installed package size
Result: NOTE
     installed size is 7.0Mb
     sub-directories of 1Mb or more:
     libs 6.6Mb
Flavors: r-devel-linux-x86_64-fedora-clang, r-release-macos-arm64, r-release-macos-x86_64, r-oldrel-macos-x86_64

Version: 4.5.36
Check: top-level files
Result: NOTE
     possible bashism in configure line 14 (echo -n):
     echo -n " checking for Sun Studio compiler..."
     possible bashism in configure line 24 (echo -n):
     echo -n " checking for OS..."
Flavors: r-devel-linux-x86_64-fedora-clang, r-devel-linux-x86_64-fedora-gcc

Version: 4.5.36
Check: whether package can be installed
Result: ERROR
    Installation failed.
Flavor: r-devel-windows-x86_64-gcc10-UCRT

Version: 4.5.36
Check: tests
Result: ERROR
     Running ‘testthat.R’ [2s/2s]
    Running the tests in ‘tests/testthat.R’ failed.
    Last 13 lines of output:
     > test_check("bigmemory")
     ══ Skipped tests ═══════════════════════════════════════════════════════════════
     • empty test (7)
    
     ══ Failed tests ════════════════════════════════════════════════════════════════
     ── Failure (test_mwhich.R:34:5): mwhich recognizes NA ──────────────────────────
     mwhich(x, 1:2, NA, "eq", "OR") not identical to 1.
     Lengths differ: 0 is not 1
     ── Failure (test_mwhich.R:35:5): mwhich recognizes NA ──────────────────────────
     mwhich(x, 1:2, NA, "neq", "AND") not identical to as.numeric(2:10).
     Lengths differ: 10 is not 9
    
     [ FAIL 2 | WARN 1 | SKIP 7 | PASS 188 ]
     Error: Test failures
     Execution halted
Flavor: r-release-macos-arm64